8 = -r + j. Suppose -y - r = -2*y. What are the prime factors of y?
2, 3
Suppose -3*i = -2*y + 64, -4*i = y - 0*y + 67. Let b = 43 + i. What are the prime factors of b?
5
Suppose -500 = -5*z + 4*m, 0 = -3*z + m + 473 - 166. List the prime factors of z.
2, 13
Let b = 48 - 26. Let i = -3 + b. What are the prime factors of i?
19
Let c(r) = r**3 + 8*r**2 - 4*r - 34. List the prime factors of c(-6).
2, 31
Suppose -2*m + 7 = -9. What are the prime factors of m?
2
Let f(i) = i**3 - 3*i**2 + i - 2. Let n be f(3). What are the prime factors of 16 - n/(2/(-4))?
2, 3
Let t = 4 + -2. Let j(l) = -2*l**t + 1 + 5*l + 3*l**2 - 2. What are the prime factors of j(-6)?
5
Suppose -2*a + 46 = -a. List the prime factors of a.
2, 23
Let r be 4 + (1 + -4)/3. List the prime factors of r/2*(-16)/(-6).
2
Let f(m) = -m + 1. Let s(o) = -2*o**2 + 5*o - 2. Let b be s(3). Let y be f(b). Suppose n - y*n + 90 = 0. What are the prime factors of n?
2, 3
Let t(g) = -g. Let l = 6 + 9. Let d = l + -23. List the prime factors of t(d).
2
Let g(r) = r**2 - 4*r + 2. Let n be g(4). Suppose -19 = -n*t - 1. What are the prime factors of t?
3
Suppose a + a - 1 = 3*f, 4*a = 8. Suppose -3 = -t + f. List the prime factors of t.
2
Suppose -4*a = -2*a - 14. Suppose a*d = 4*d + 6. List the prime factors of d.
2
What are the prime factors of 21/15 + -1 - 188/(-5)?
2, 19
What are the prime factors of (-4)/(-10) + 2 + (-15)/(-25)?
3
Suppose 0 = 3*x - 25 - 5. List the prime factors of x.
2, 5
Let l = 105 - 67. What are the prime factors of l?
2, 19
Let z be (-6)/(((-4)/(-1))/4). List the prime factors of (18 + 0)*(-4)/z.
2, 3
Suppose 0 = 6*m - 2*m - 204. Let g = m - 19. What are the prime factors of g?
2
Suppose 5*o + 1 - 6 = 0. Let p(u) = 21*u**3 - u**2 + u - 1. List the prime factors of p(o).
2, 5
Let v be 14/4 - (-1)/(-2). Suppose v*y = -3*j - 2*y + 64, 0 = -2*j + 3*y + 49. List the prime factors of 1/(-3)*(-4 - j).
3
Let n(j) = -j + 8. Let i be n(-6). Suppose d - 2*a + a - 3 = 0, 0 = 5*d + 2*a + 6. Suppose 0 = 4*w + 5*r - 28, d*w = w - 4*r + i. List the prime factors of w.
2
Let i(a) = -a. Let l be i(-6). Suppose -4*o + l = -3*o. List the prime factors of o.
2, 3
Suppose 63 - 226 = -5*x + 2*c, -4*c = 5*x - 139. What are the prime factors of x?
31
Let p(j) = 4*j - 21. What are the prime factors of p(16)?
43
List the prime factors of (-4)/10 - ((-14032)/10)/8.
5, 7
Suppose f = -4*x + 36, 0*f - 12 = -x - f. List the prime factors of x.
2
Let m(i) = i**2 - i - 2. Let s be m(3). Let y = -4 + s. What are the prime factors of 14*1*(1 + y)?
2, 7
List the prime factors of 3*(-5 + 14)/1.
3
Suppose -m - 7*m = 0. Suppose 0 = 3*c + 2*c - 30. Suppose -4*g + 4*u = 3 + 1, 4*g - 2*u - c = m. What are the prime factors of g?
2
Let d be (110/(-15))/((-1)/3). Let b = 44 - d. Let c = b + -5. What are the prime factors of c?
17
Let t(w) = w**3 + 8*w**2 + 3*w - 3. What are the prime factors of t(-3)?
3, 11
Let u = 47 + -78. Let b = 85 + u. Suppose 5*n = 4*q - 23, 4*q + n + 1 = b. List the prime factors of q.
2, 3
Let v be (21/6 + -3)*-4. What are the prime factors of 1266/36 - v/(-12)?
5, 7
Suppose -5*t + 3*v + 22 = 0, 3*t - 2*v - 13 = -0*t. Let h(r) = -r - 2. Let s be h(-5). Suppose 4*j + s = t*j. What are the prime factors of j?
3
Let m = 13 + -18. Let j(w) = -w + 7. What are the prime factors of j(m)?
2, 3
Let z(p) = 4*p + 19. Let r(g) = -3*g - 18. Let u(w) = -3*r(w) - 2*z(w). List the prime factors of u(0).
2
Suppose -4*q = -7*q. Suppose q = -3*v + 18 - 6. What are the prime factors of (6 - 4)/(1/v)?
2
Suppose 0*h = 3*h - 99. Let t = h - 13. List the prime factors of t.
2, 5
Let r(n) = 107*n - 6. Let z be r(3). What are the prime factors of -2*(z/(-6))/7?
3, 5
Let c(t) = 53*t**2 - 13*t. What are the prime factors of c(2)?
2, 3, 31
Let u(q) = 2*q**2 + 5*q - 6. List the prime factors of u(-5).
19
Let h = -1 - 1. Let m = -3 - h. Let c = 1 - m. List the prime factors of c.
2
Suppose -r = -3*r + 10. Suppose -r*v = -9*v + 124. List the prime factors of v.
31
Suppose 24 = -2*h - 2*h - 4*u, 4*h + 23 = -3*u. Let y = 8 - h. What are the prime factors of y?
13
Let m(l) = 3*l - l - 1 + l. Let x be m(1). Suppose -p + 33 = x*p. List the prime factors of p.
11
Let g be 26 - (-2 + (-2)/(-2)). Suppose 2*j + 6 = 0, -2*m + g = -6*j + j. Suppose -h = -m*h + 20. What are the prime factors of h?
2
List the prime factors of (3 - 2)*3 - -9.
2, 3
Suppose 3*m - 2*y + 1 = 0, 2*m + 21 = 4*m + 3*y. Suppose 2*v + 36 = m*v. List the prime factors of v.
2, 3
What are the prime factors of (-3 + (-35)/(-10))/(3/2262)?
13, 29
List the prime factors of (-6)/24 + (-66)/(-8).
2
Let v(t) = 11*t**2 - t - 2. Let p be v(2). Suppose 4*l = 36 + p. Suppose 52 = 3*c + l. What are the prime factors of c?
11
Let m = 4 + -4. Suppose m = y - 24 - 0. Let x = -15 + y. List the prime factors of x.
3
Suppose -3*v + 393 = 3*s, -4*s = -6*s - 3*v + 266. What are the prime factors of s?
127
Let w be ((-2)/(-2))/((-4)/(-12)). Let s be 62/w - 2/3. Let h = s - 13. List the prime factors of h.
7
Suppose y + 2*z - 418 = -z, z = -y + 410. List the prime factors of y.
2, 7, 29
Suppose 0 = c - 2*c - 8. What are the prime factors of (18/c)/((-8)/32)?
3
Suppose 7 = -2*r + 29. What are the prime factors of r?
11
Let j(h) = h - 1. Let q be j(7). List the prime factors of q/14 + (-193)/(-7).
2, 7
Let c(p) = -45*p - 12. List the prime factors of c(-5).
3, 71
Suppose w - 187 = -3*w - 3*g, -226 = -5*w + 4*g. List the prime factors of w.
2, 23
Let v = -8 + 11. Suppose y - 43 = -v*t, 7 - 73 = -5*t + 4*y. Suppose -2*x = -6 - t. What are the prime factors of x?
2, 5
Let w = 10 - -38. List the prime factors of w.
2, 3
Let s(r) = 2*r**2 + 7*r + 3. Let d be s(-5). Let i be 2/6 + (-42)/d. List the prime factors of (-135)/(-6)*i/(-3).
3, 5
Suppose 5*f - 4*o = 3, -5*f = -3*f + 5*o - 21. Suppose -f*i = -0*i - 24. What are the prime factors of i?
2
Suppose -5*c = -403 + 93. List the prime factors of c.
2, 31
Let q = -281 + 496. List the prime factors of q.
5, 43
Let g be 1/(3/9) + -18. List the prime factors of (-224)/(-6) + 5/g.
37
Let r(v) = 2*v**2 + 5*v**2 - 9 - 8*v + v**3 - 2*v**2. Let q be r(-6). Suppose 5*i - 2*w = 43, 2*i + q = 2*w + 25. List the prime factors of i.
7
Suppose -7*o + 5*o + 540 = 0. What are the prime factors of o?
2, 3, 5
Suppose 0 = -2*l - c - 0*c - 1, -2*l - 4 = 2*c. What are the prime factors of (10 + (-1)/1)/l?
3
Suppose -4*o - o = 30. Let f(a) = -a**2 - 7*a - 9. Let z be f(o). Let h(d) = d**3 + 4*d**2 + d + 1. List the prime factors of h(z).
7
Suppose -44 + 429 = 7*v. List the prime factors of v.
5, 11
Suppose -3*i = 3*y - 111, -17 - 128 = -4*y - i. Suppose -2*u + 2*g + y = 0, 2*u - 31 - 17 = -g. What are the prime factors of u?
2, 11
Suppose 0*j + j - 42 = 0. Suppose d + d = 4*h + j, 3*d = 5*h + 62. What are the prime factors of d?
19
Let v = 8 + 5. What are the prime factors of v?
13
Suppose s - 20 = -2*o + 52, 5*o - 57 = -s. What are the prime factors of s?
2, 41
Let w = -17 + 18. Let h(d) = 26*d**3 + d**2 - 2*d + 1. What are the prime factors of h(w)?
2, 13
Let x = 286 - 160. What are the prime factors of x?
2, 3, 7
List the prime factors of 77/2*-1*-2.
7, 11
What are the prime factors of -3 + 81 - (-1 + (-3 - -2))?
2, 5
List the prime factors of (-2)/8 - (-377)/4.
2, 47
Suppose 2*h + t - 3 = 3*h, -4*h - 4*t = 20. Let n be h + 9 - (1 + -1). Let p = 8 - n. List the prime factors of p.
3
Let u = 4 + 17. What are the prime factors of u?
3, 7
Suppose -5*c - x + 136 = 0, -c = -0*c + 2*x - 29. What are the prime factors of c?
3
Suppose -6*c = -c + 2*p - 38, -2*c + 18 = -2*p. What are the prime factors of 18/c + (-4)/16?
2
Suppose 0 = 4*l + 4*m - 56, -4*m = 2*l - 3*l - 11. Let i = 20 - l. List the prime factors of i.
11
Suppose 4*k = 12, -3*r + 2*k = -147 - 165. List the prime factors of r.
2, 53
Let u(k) be the third derivative of k**5/60 + k**4/12 - 5*k**3/3 - 4*k**2. List the prime factors of u(7).
53
Suppose 4*v = 5*d + 26, 0 = 2*v + 2*d - 0*d - 4. Let n(p) = p**3 - 3*p**2 + 2*p + 2. What are the prime factors of n(v)?
2, 13
Let o(w) = -w**3 + w + 5. Let y(z) = -z**3 - 1. Let m(j) = o(j) - 2*y(j). Let u be m(0). Let g = 11 - u. What are the prime factors of g?
2
What are the prime factors of 348/9 - 2/(-6)?
3, 13
Let x = 276 - 164. What are the prime factors of x?
